
1
Let d(n) = 7*n + 108. Let l be d(-15). Let j(c) be the first derivative of 7*c**2/2 - 2*c + 79. Determine j(l).
19
Suppose 3*g + 3*r - 342 = 0, -452 = -g - 3*g - 5*r. Let c = 107 - g. Let y(t) = t**3 + 10*t**2 - 10*t + 14. Calculate y(c).
3
Let q(o) be the second derivative of -13*o**3/6 - 41*o**2 - 120*o. Calculate q(-7).
9
Let h(v) = 2*v**2 - 43*v + 58. Let c = 5188 + -5168. Calculate h(c).
-2
Let h be (-36)/(7776/(-600)) + ((-2)/(-9))/1. Let t(m) = -m**3 + 3*m**2 - 5*m. Determine t(h).
-15
Let l(z) = -16*z + 213. Let x be l(13). Let r(f) = f - 4*f**3 - 3 + 1 + 4 + x*f**3 - 4*f. Suppose -t + 6*t = 4*k - 11, 6 = -t - 3*k. Calculate r(t).
-16
Let q(j) be the second derivative of -j**4/12 - 26*j**3/3 - 109*j**2/2 + 229*j. Let p be q(-50). Let t(u) = 2*u - 8. Calculate t(p).
-26
Let v(i) = i + 4. Suppose -2*h + 136 = -0*h + 2*q, 4*h - 2*q - 278 = 0. Let o = 80 - h. Suppose 16 = -o*f + 82. Calculate v(f).
10
Let g = -2129 + 2130. Let f(w) = -6*w + 9 - 9. Give f(g).
-6
Let h(k) = -k**2 - 61*k + 266. Let u be h(4). Let q(x) = 8*x - 35. Calculate q(u).
13
Let d(p) = -p**3 + 2*p**3 + 0 + 5 - p**2. Suppose -5*x = -3*v - 937, 0 = -4*x + 2*v + 1018 - 270. Let g = -185 + x. Give d(g).
5
Let o(v) = 6*v**2 + 8*v + 1. Let t(m) = -m**2 - 3*m - 2. Let b(z) = 2*o(z) + 14*t(z). What is b(-12)?
-2
Let s(f) = -2*f**3 + 21*f**2 - 11*f - 12. Let i = -40513 + 40523. What is s(i)?
-22
Let g(f) = -75*f**2 - 6*f + 5. Let i(q) = -34*q**2 - 3*q + 2. Let u(l) = 2*g(l) - 5*i(l). Calculate u(1).
23
Suppose -23*w - 1455 = -1547. Let t(c) = 5*c**2 - 5*c + 13. What is t(w)?
73
Let n(j) = -3*j**2 - 6*j - 2. Let w be n(-4). Let h = 31 + w. Let x(z) = -2*z - 1. Let i(y) = -y - 1. Let d(p) = h*i(p) - 3*x(p). Determine d(-6).
-8
Let b(l) = -8*l**2 - l + 13. Let s(v) = 7*v**2 + v - 11. Let y(f) = -6*b(f) - 7*s(f). Suppose 2*r = 294 - 298. Give y(r).
-3
Let n(l) = -7*l**2 - l + 4. Let p(z) = 28*z**2 + 4*z - 15. Let c(d) = 9*n(d) + 2*p(d). Determine c(3).
-60
Let o(q) = 3*q. Let g be (-153)/(-2) - (-2)/4. Suppose -4*p - 13*r + 325 - 99 = 0, 2*p - 146 = -r. Let l = g - p. Give o(l).
3
Let k(j) = j. Let w = -58 + 59. Let d = 6 - w. Suppose 5*b - 6*b - d = 0. Determine k(b).
-5
Let c(r) = r**2 + r - 22. Let t be c(-7). Let q = -12 + t. Let a(x) = -x. Give a(q).
-8
Let s(n) = -2*n**2 + 2*n - 3. Let i(j) = -2*j**2 + j - 4. Let d(k) = -5*i(k) + 6*s(k). Let l be 0 + 151/2 + 3/(-6). Let v be l/90 + 50/12. Calculate d(v).
-13
Let f be -7 - (-9)/(180/580). Let v(u) = 13*u - 291. What is v(f)?
-5
Let r(g) = -6*g**3 + 154*g**2 - 113*g + 323. Let q be r(25). Let m(c) = -5*c + c + c + 2. What is m(q)?
8
Let q be ((-12)/24)/(1/(-2)). Let u(w) = -w + 11 - q - 6 - 6. Calculate u(-1).
-1
Let n(h) be the first derivative of h**3/3 - 15*h**2/2 + 14*h + 1310. Give n(9).
-40
Let m(t) = -t**3 + 7*t**2 - t + 2. Suppose 104 - 34 = 2*v + 8*v. Give m(v).
-5
Let m(n) = n**2 - 9*n - 1. Let x = 277 + -258. Suppose -2*d = -v - 4, 15*v - x*v - 4*d = -44. Calculate m(v).
-19
Let k(l) = -l**3 - 11*l**2 + 40*l - 6. Let y be k(-14). Let f(g) = -9*g + 0*g**2 + 10 - y + 8 - g**2. Determine f(-10).
-14
Let n(m) be the first derivative of -m**2/2 - 22*m - 625. Suppose 0 = -3*g - 5*d - 23, 14 + 3 = -g + 3*d. Determine n(g).
-11
Let j(z) be the third derivative of 1/15*z**5 + 0 - 1/6*z**3 - 2*z**2 - 53*z + 1/6*z**4 - 1/120*z**6. Determine j(5).
-6
Suppose 8636 = -x + 18*x. Let v = x - 513. Let r(c) = 7*c - 1. Give r(v).
-36
Let c = -43 - -67. Let t(i) = -1 - 4 + 27*i + 2 - c*i. Give t(3).
6
Let i(r) = -7*r**2 + 2*r - 2. Let o be 115/(-69)*((-4)/8 + 2/(-20)). Determine i(o).
-7
Let y(i) = -3*i**2 + 9*i + 119. Let j(h) = 2*h**2 - 8*h - 79. Let v(s) = -7*j(s) - 5*y(s). Determine v(-14).
0
Let w(m) = m. Let j(q) be the first derivative of q**4/8 - q**3/2 + 12*q**2 + 45. Let d(t) be the second derivative of j(t). Let i be d(-2). Give w(i).
-9
Let j(y) = y - 3. Let g be j(10). Let k(v) = 61*v - 10. Let u(z) = 112*z - 19. Let f(m) = 11*k(m) - 6*u(m). Calculate f(g).
-3
Let v(f) = -2 + 564*f + 2*f**2 + 8*f**3 + 0 - 564*f + 9*f**3. What is v(1)?
17
Let o(w) = -w + 1. Let t(g) be the third derivative of g**4/24 - g**3/2 - 48*g**2. Let f(v) = -2*o(v) - t(v). Determine f(0).
1
Let x(w) = -99 + 92 - 30*w - 38*w**2 - w**3 - 17*w**2 + 72*w**2. What is x(15)?
-7
Let v(a) = -10. Let l(g) = -g + 52. Let r(s) = 2*l(s) + 9*v(s). What is r(9)?
-4
Let n(k) = -k**3 + 12*k**2 + 12*k + 15. Suppose -7*y = 3*y - 50. Let w be y/(15/18) + -5 + 12. Determine n(w).
2
Suppose 0 = 3*z - 0*b - 4*b - 497, -3*z = 5*b - 452. Let k(q) = -5*q + q - 1 + 158*q**3 + 5*q**2 + 0 - z*q**3. Determine k(4).
-1
Let d = 13027 + -13012. Let b(m) = -m**3 + 16*m**2 - 17*m + 22. Determine b(d).
-8
Let l be (-2 + (-100)/(-35))/(2/7). Let u(t) be the third derivative of 1/24*t**4 - 1/3*t**l + 1/30*t**5 + 0*t + 1/120*t**6 + 8*t**2 + 0. Calculate u(-2).
-4
Let g(b) = -b**3 + 2*b + 6. Suppose 4*i + s + 8 = 0, -278*s + 274*s + 16 = 0. What is g(i)?
27
Let f(d) = -d**2 - 12*d - 21. Let a = 1014 + -1020. Determine f(a).
15
Let a be -3 - ((-4)/(-3))/(4/(-18)). Let g(i) = 3*i - 5*i**2 - 4 - 17*i**3 + 8*i**3 + i + 10*i**a. Calculate g(3).
-10
Let p(t) = 16 + 2 - 69*t - 86*t + 163*t. Determine p(-9).
-54
Let f = 30 - 26. Suppose l - 3 = -n, -l = -f*n + 2 - 5. Suppose n = 15*x + 4*x - 7*x. Let s(p) = p - 11. Calculate s(x).
-11
Let z(a) be the second derivative of a**3/6 + 11*a**2/2 - 4*a - 136. What is z(-10)?
1
Let c = -98 - -99. Let i be (-1808)/1017 + (-22)/18 + 1. Let r(t) = t - 1. Let m(p) = -2*p - 3. Let d(y) = i*r(y) + m(y). What is d(c)?
-5
Let g(f) be the second derivative of -f**4/3 + 8*f**3 - 3*f**2/2 + 9892*f. What is g(11)?
41
Let f(y) = -y**3 + 17*y**2 + 2*y - 38. Let b be f(17). Let r = -7 - -11. Let w(k) = -3 + 1 - r*k**2 + 0*k**2 + 7 - k**3. What is w(b)?
5
Let d(i) be the first derivative of 5*i**3/6 - 42*i + 29. Let g(s) be the first derivative of d(s). Let o = 5 - 3. Give g(o).
10
Let q(a) = -1. Let m(x) = -x - 6. Let z(s) = m(s) - 3*q(s). Let i(b) = b**3 + 28*b**2 + 30*b + 86. Let d be i(-27). Determine z(d).
-8
Let c = -1216 + 1212. Let t(f) = -2*f + 1. Let r(k) = -11*k + 8. Let u(p) = -r(p) + 6*t(p). What is u(c)?
2
Let b(m) = -m**2 + 0 + 6 + 6*m - 2 - 1. Let w(q) = 3*q**2 - 85*q + 165. Let c be w(2). Determine b(c).
-4
Let z(p) = 12*p**3 + 7*p**2 + 16*p + 14. Let y(i) be the first derivative of 7*i**4/4 + i**3 + 4*i**2 + 7*i - 186. Let v(r) = -5*y(r) + 3*z(r). Determine v(-5).
-8
Let f(c) = 19*c**2 + 5*c + 5. Let z = 4073 + -4074. What is f(z)?
19
Let v(q) = -q. Suppose -43 + 45 = -2*j. Let m be ((6/(-15))/(j/5))/1. Give v(m).
-2
Let a(l) be the first derivative of -2*l**3/3 + 3*l**2/2 + 8. Let g = -3589 + 3591. What is a(g)?
-2
Let n(i) = -i**2 - 1. Let s(r) = r**2. Let b(h) = h**2 + h - 7. Let o(j) = -2*b(j) + 10*s(j). Let p = -474 + 473. Let m(c) = p*o(c) - 12*n(c). Determine m(-2).
10
Let o(p) = 113*p**2 - 3*p + 16. Let h(c) = 301*c**2 - 8*c + 48. Let n(j) = -3*h(j) + 8*o(j). Calculate n(3).
-7
Let j = 38 + -76. Let v = j - -42. Let i(g) = 6*g - 2 + 4*g**2 + 2 - 1 - v*g. What is i(-2)?
11
Let v be (2/(-4) - (-14)/(-4)) + 8. Suppose z - 6 = v*g, 3*z = -3*g - 0*g + 3. Let a(t) = t**2 - 3*t. Let r(s) = 1. Let q(n) = a(n) - 2*r(n). What is q(z)?
-4
Let j(x) = -2*x - 14. Let w(r) = 21*r - 5. Let c be w(1). Let p be 18/4 + -4 + (-88)/c. Calculate j(p).
-4
Let c(p) = -23*p + 2. Let k(f) = -f**2 - 16*f + 27. Let i be k(-18). Let g be c(i). Let n(j) = 210*j**2 - 2*j - 6*j + 2*j - g*j**2. Give n(5).
-5
Let o = 80 + -75. Let y(r) = -45 + 19 - 5*r + 10 + 14. Determine y(o).
-27
Let x(b) = -7*b**2 + 16*b - 21. Let c(u) = 38*u**2 - 80*u + 108. Let t(g) = 3*c(g) + 16*x(g). Determine t(-11).
54
Let s(c) be the second derivative of c**5/20 - 11*c**4/12 + c**3/6 + 8*c**2 + 414*c - 4. Calculate s(10).
-74
Let p(s) = s - 12. Let f be 1 + -2 + 5 + (-672)/(-14). Suppose -50*j = -f*j + 30. What is p(j)?
3
Let q(i) be the second derivative of -i**3/2 + 14*i**2 - 4*i + 71. Determine q(12).
-8
Let h = 72 + -72. Suppose h = a - 3*a + 5*w, -5*w = a - 15. Suppose -2*x + a = 5*c, -5*x - 5*c = -x - 25. Let b(j) = -j**2 + 9*j + 3. What is b(x)?
-7
Let s(m) = 43*m + 37. Suppose -18 = -n - 21. Let b(y) = -16*y - 12. Let c(j) = n*s(j) - 8*b(j). Determine c(-11).
-4
Let n(v) = 14*v + 93. S